{"id":7347,"date":"2022-03-31T14:06:06","date_gmt":"2022-03-31T12:06:06","guid":{"rendered":"https:\/\/alvarelloseditora.gal\/book\/retorno-sen-volta\/"},"modified":"2022-04-19T13:03:07","modified_gmt":"2022-04-19T11:03:07","slug":"retorno-sen-volta","status":"publish","type":"product","link":"https:\/\/alvarelloseditora.gal\/es\/libro\/retorno-sen-volta\/","title":{"rendered":"Retorno sen volta"},"content":{"rendered":"<p>Primer libro de poemas de un autor y docente con una larga trayectoria en la defensa de la lengua gallega y de la ense\u00f1anza: Xos\u00e9 Lastra Muruais (A Pontenova, 1952). El escritor logr\u00f3 con esta obra, en 2021, el <strong>Premio de Poes\u00eda del Certamen Literario de Vilalba, en su edici\u00f3n n\u00famero 47<\/strong>.<\/p>\n<p>Treinta y tres poemas donde Xos\u00e9 Lastra reflexiona sobre el veloz paso del tiempo y los deseos de un retorno imposible; sobre la soledad, el dolor de la p\u00e9rdida, pero tambi\u00e9n sobre la pasi\u00f3n amorosa y la presencia del mar.<\/p>\n<p>La poeta Rosal\u00eda Fern\u00e1ndez Rial afirma en el pr\u00f3logo:<\/p>\n<p><em>\u00abAo anainar este libro entre as mans, lectora, lector, completar\u00e1s con catarse os ocos do teu baleiro, porque s\u00f3 se pode seguir cami\u00f1o combatendo a dor con cantos. Sexamos, pois, c\u00f3mplices dos pequenos himnos coti\u00e1ns, tribo verbal, rebeld\u00eda fronte \u00e1 devastaci\u00f3n\u00bb. <\/em><\/p>\n<p>La obra est\u00e1 ilustrada por <strong>Leandro Lamas<\/strong> (Nar\u00f3n, 1973).<\/p>\n","protected":false},"excerpt":{"rendered":"<p>Nota de Prensa de \u00abRetorno sen volta\u00bb (cast)<br \/>\n47\u00ba Premio de Poes\u00eda del Concello de Vilalba<br \/>\nXos\u00e9 Lastra Muruais<br \/>\n70 pp . 14 x 21 cms.<br \/>\nISBN: 978-84-18567-19-3<\/p>\n<p>&nbsp;<\/p>\n<p>El paso veloz del tempo y el retorno imposible son algunos de los temas sobre los que reflexiona el autor en esta obra, un poemario que recibi\u00f3 en 2021 el Premio de Poes\u00eda del Concello de Vilalba. Est\u00e1 ilustrada por Leandro Lamas e cuenta con un Pr\u00f3logo de la poeta Rosal\u00eda Fern\u00e1ndez Rial.<\/p>\n<p>NP_C_Retorno_sen_volta_Alvarellos_Ed_2022<\/p>\n","protected":false},"featured_media":7337,"comment_status":"closed","ping_status":"closed","template":"","meta":[],"product_brand":[],"product_cat":[106],"product_tag":[],"class_list":{"0":"post-7347","1":"product","2":"type-product","3":"status-publish","4":"has-post-thumbnail","6":"product_author-xose-lastra-muruais-es","7":"product_cat-libros-do-sarela-es","9":"first","10":"instock","11":"taxable","12":"shipping-taxable","13":"purchasable","14":"product-type-simple"},"yoast_head":"<!-- This site is optimized with the Yoast SEO plugin v27.5 - https:\/\/yoast.com\/product\/yoast-seo-wordpress\/ -->\n<title>Retorno sen volta - Alvarellos Editora<\/title>\n<meta name=\"description\" content=\"Retorno sen volta. C\u00f3mprao na tenda en li\u00f1a de Alvarellos Editora.\" \/>\n<meta name=\"robots\" content=\"index, follow, max-snippet:-1, max-image-preview:large, max-video-preview:-1\" \/>\n<link rel=\"canonical\" href=\"https:\/\/alvarelloseditora.gal\/es\/libro\/retorno-sen-volta\/\" \/>\n<meta property=\"og:locale\" content=\"es_ES\" \/>\n<meta property=\"og:type\" content=\"article\" \/>\n<meta property=\"og:title\" content=\"Retorno sen volta - Alvarellos Editora\" \/>\n<meta property=\"og:description\" content=\"Retorno sen volta. C\u00f3mprao na tenda en li\u00f1a de Alvarellos Editora.\" \/>\n<meta property=\"og:url\" content=\"https:\/\/alvarelloseditora.gal\/es\/libro\/retorno-sen-volta\/\" \/>\n<meta property=\"og:site_name\" content=\"Alvarellos Editora\" \/>\n<meta property=\"article:publisher\" content=\"https:\/\/www.facebook.com\/alvarelloseditora\" \/>\n<meta property=\"article:modified_time\" content=\"2022-04-19T11:03:07+00:00\" \/>\n<meta property=\"og:image\" content=\"https:\/\/alvarelloseditora.gal\/wp-content\/uploads\/2022\/03\/9788418567193Retornosenvolta-scaled.jpg\" \/>\n\t<meta property=\"og:image:width\" content=\"1683\" \/>\n\t<meta property=\"og:image:height\" content=\"2560\" \/>\n\t<meta property=\"og:image:type\" content=\"image\/jpeg\" \/>\n<meta name=\"twitter:card\" content=\"summary_large_image\" \/>\n<meta name=\"twitter:site\" content=\"@alvarellos_ed\" \/>\n<meta name=\"twitter:label1\" content=\"Tiempo de lectura\" \/>\n\t<meta name=\"twitter:data1\" content=\"1 minuto\" \/>\n<!-- \/ Yoast SEO plugin. -->","yoast_head_json":{"title":"Retorno sen volta - Alvarellos Editora","description":"Retorno sen volta. C\u00f3mprao na tenda en li\u00f1a de Alvarellos Editora.","robots":{"index":"index","follow":"follow","max-snippet":"max-snippet:-1","max-image-preview":"max-image-preview:large","max-video-preview":"max-video-preview:-1"},"canonical":"https:\/\/alvarelloseditora.gal\/es\/libro\/retorno-sen-volta\/","og_locale":"es_ES","og_type":"article","og_title":"Retorno sen volta - Alvarellos Editora","og_description":"Retorno sen volta. C\u00f3mprao na tenda en li\u00f1a de Alvarellos Editora.","og_url":"https:\/\/alvarelloseditora.gal\/es\/libro\/retorno-sen-volta\/","og_site_name":"Alvarellos Editora","article_publisher":"https:\/\/www.facebook.com\/alvarelloseditora","article_modified_time":"2022-04-19T11:03:07+00:00","og_image":[{"width":1683,"height":2560,"url":"https:\/\/alvarelloseditora.gal\/wp-content\/uploads\/2022\/03\/9788418567193Retornosenvolta-scaled.jpg","type":"image\/jpeg"}],"twitter_card":"summary_large_image","twitter_site":"@alvarellos_ed","twitter_misc":{"Tiempo de lectura":"1 minuto"},"schema":{"@context":"https:\/\/schema.org","@graph":[{"@type":["WebPage","ItemPage"],"@id":"https:\/\/alvarelloseditora.gal\/es\/libro\/retorno-sen-volta\/","url":"https:\/\/alvarelloseditora.gal\/es\/libro\/retorno-sen-volta\/","name":"Retorno sen volta - Alvarellos Editora","isPartOf":{"@id":"https:\/\/alvarelloseditora.gal\/#website"},"primaryImageOfPage":{"@id":"https:\/\/alvarelloseditora.gal\/es\/libro\/retorno-sen-volta\/#primaryimage"},"image":{"@id":"https:\/\/alvarelloseditora.gal\/es\/libro\/retorno-sen-volta\/#primaryimage"},"thumbnailUrl":"https:\/\/alvarelloseditora.gal\/wp-content\/uploads\/2022\/03\/9788418567193Retornosenvolta-scaled.jpg","datePublished":"2022-03-31T12:06:06+00:00","dateModified":"2022-04-19T11:03:07+00:00","description":"Retorno sen volta. C\u00f3mprao na tenda en li\u00f1a de Alvarellos Editora.","breadcrumb":{"@id":"https:\/\/alvarelloseditora.gal\/es\/libro\/retorno-sen-volta\/#breadcrumb"},"inLanguage":"es","potentialAction":[{"@type":"ReadAction","target":["https:\/\/alvarelloseditora.gal\/es\/libro\/retorno-sen-volta\/"]}]},{"@type":"ImageObject","inLanguage":"es","@id":"https:\/\/alvarelloseditora.gal\/es\/libro\/retorno-sen-volta\/#primaryimage","url":"https:\/\/alvarelloseditora.gal\/wp-content\/uploads\/2022\/03\/9788418567193Retornosenvolta-scaled.jpg","contentUrl":"https:\/\/alvarelloseditora.gal\/wp-content\/uploads\/2022\/03\/9788418567193Retornosenvolta-scaled.jpg","width":1683,"height":2560},{"@type":"BreadcrumbList","@id":"https:\/\/alvarelloseditora.gal\/es\/libro\/retorno-sen-volta\/#breadcrumb","itemListElement":[{"@type":"ListItem","position":1,"name":"Portada","item":"https:\/\/alvarelloseditora.gal\/"},{"@type":"ListItem","position":2,"name":"Tienda","item":"https:\/\/alvarelloseditora.gal\/es\/tienda\/"},{"@type":"ListItem","position":3,"name":"Retorno sen volta"}]},{"@type":"WebSite","@id":"https:\/\/alvarelloseditora.gal\/#website","url":"https:\/\/alvarelloseditora.gal\/","name":"Alvarellos Editora","description":"Libros para un mundo en tr\u00e1nsito","publisher":{"@id":"https:\/\/alvarelloseditora.gal\/#organization"},"potentialAction":[{"@type":"SearchAction","target":{"@type":"EntryPoint","urlTemplate":"https:\/\/alvarelloseditora.gal\/?s={search_term_string}"},"query-input":{"@type":"PropertyValueSpecification","valueRequired":true,"valueName":"search_term_string"}}],"inLanguage":"es"},{"@type":"Organization","@id":"https:\/\/alvarelloseditora.gal\/#organization","name":"Alvarellos Editora","url":"https:\/\/alvarelloseditora.gal\/","logo":{"@type":"ImageObject","inLanguage":"es","@id":"https:\/\/alvarelloseditora.gal\/#\/schema\/logo\/image\/","url":"https:\/\/alvarelloseditora.gal\/wp-content\/uploads\/2020\/02\/alv-icon.png","contentUrl":"https:\/\/alvarelloseditora.gal\/wp-content\/uploads\/2020\/02\/alv-icon.png","width":177,"height":175,"caption":"Alvarellos Editora"},"image":{"@id":"https:\/\/alvarelloseditora.gal\/#\/schema\/logo\/image\/"},"sameAs":["https:\/\/www.facebook.com\/alvarelloseditora","https:\/\/x.com\/alvarellos_ed"]}]}},"_links":{"self":[{"href":"https:\/\/alvarelloseditora.gal\/es\/wp-json\/wp\/v2\/product\/7347","targetHints":{"allow":["GET"]}}],"collection":[{"href":"https:\/\/alvarelloseditora.gal\/es\/wp-json\/wp\/v2\/product"}],"about":[{"href":"https:\/\/alvarelloseditora.gal\/es\/wp-json\/wp\/v2\/types\/product"}],"replies":[{"embeddable":true,"href":"https:\/\/alvarelloseditora.gal\/es\/wp-json\/wp\/v2\/comments?post=7347"}],"wp:featuredmedia":[{"embeddable":true,"href":"https:\/\/alvarelloseditora.gal\/es\/wp-json\/wp\/v2\/media\/7337"}],"wp:attachment":[{"href":"https:\/\/alvarelloseditora.gal\/es\/wp-json\/wp\/v2\/media?parent=7347"}],"wp:term":[{"taxonomy":"product_brand","embeddable":true,"href":"https:\/\/alvarelloseditora.gal\/es\/wp-json\/wp\/v2\/product_brand?post=7347"},{"taxonomy":"product_cat","embeddable":true,"href":"https:\/\/alvarelloseditora.gal\/es\/wp-json\/wp\/v2\/product_cat?post=7347"},{"taxonomy":"product_tag","embeddable":true,"href":"https:\/\/alvarelloseditora.gal\/es\/wp-json\/wp\/v2\/product_tag?post=7347"}],"curies":[{"name":"wp","href":"https:\/\/api.w.org\/{rel}","templated":true}]}}

<p>Primer libro de poemas de un autor y docente con una larga trayectoria en la defensa de la lengua gallega y de la enseñanza: Xosé Lastra Muruais (A Pontenova, 1952). El escritor logró con esta obra, en 2021, el <strong>Premio de Poesía del Certamen Literario de Vilalba, en su edición número 47</strong>.</p>
<p>Treinta y tres poemas donde Xosé Lastra reflexiona sobre el veloz paso del tiempo y los deseos de un retorno imposible; sobre la soledad, el dolor de la pérdida, pero también sobre la pasión amorosa y la presencia del mar.</p>
<p>La poeta Rosalía Fernández Rial afirma en el prólogo:</p>
<p><em>«Ao anainar este libro entre as mans, lectora, lector, completarás con catarse os ocos do teu baleiro, porque só se pode seguir camiño combatendo a dor con cantos. Sexamos, pois, cómplices dos pequenos himnos cotiáns, tribo verbal, rebeldía fronte á devastación». </em></p>
<p>La obra está ilustrada por <strong>Leandro Lamas</strong> (Narón, 1973).</p>

<p>Nota de Prensa de «Retorno sen volta» (cast)<br />
47º Premio de Poesía del Concello de Vilalba<br />
Xosé Lastra Muruais<br />
70 pp . 14 x 21 cms.<br />
ISBN: 978-84-18567-19-3</p>
<p>&nbsp;</p>
<p>El paso veloz del tempo y el retorno imposible son algunos de los temas sobre los que reflexiona el autor en esta obra, un poemario que recibió en 2021 el Premio de Poesía del Concello de Vilalba. Está ilustrada por Leandro Lamas e cuenta con un Prólogo de la poeta Rosalía Fernández Rial.</p>
<p>NP_C_Retorno_sen_volta_Alvarellos_Ed_2022</p>

<!-- This site is optimized with the Yoast SEO plugin v27.5 - https://yoast.com/product/yoast-seo-wordpress/ -->
<title>Retorno sen volta - Alvarellos Editora</title>
<meta name="description" content="Retorno sen volta. Cómprao na tenda en liña de Alvarellos Editora." />
<meta name="robots" content="index, follow, max-snippet:-1, max-image-preview:large, max-video-preview:-1" />
<link rel="canonical" href="https://alvarelloseditora.gal/es/libro/retorno-sen-volta/" />
<meta property="og:locale" content="es_ES" />
<meta property="og:type" content="article" />
<meta property="og:title" content="Retorno sen volta - Alvarellos Editora" />
<meta property="og:description" content="Retorno sen volta. Cómprao na tenda en liña de Alvarellos Editora." />
<meta property="og:url" content="https://alvarelloseditora.gal/es/libro/retorno-sen-volta/" />
<meta property="og:site_name" content="Alvarellos Editora" />
<meta property="article:publisher" content="https://www.facebook.com/alvarelloseditora" />
<meta property="article:modified_time" content="2022-04-19T11:03:07+00:00" />
<meta property="og:image" content="https://alvarelloseditora.gal/wp-content/uploads/2022/03/9788418567193Retornosenvolta-scaled.jpg" />
	<meta property="og:image:width" content="1683" />
	<meta property="og:image:height" content="2560" />
	<meta property="og:image:type" content="image/jpeg" />
<meta name="twitter:card" content="summary_large_image" />
<meta name="twitter:site" content="@alvarellos_ed" />
<meta name="twitter:label1" content="Tiempo de lectura" />
	<meta name="twitter:data1" content="1 minuto" />
<!-- / Yoast SEO plugin. -->

Retorno sen volta. Cómprao na tenda en liña de Alvarellos Editora.

Libros para un mundo en tránsito
