{"id":6970,"date":"2021-12-13T14:22:59","date_gmt":"2021-12-13T13:32:35","guid":{"rendered":"https:\/\/alvarellos.info\/?post_type=product&#038;p=6970"},"modified":"2021-12-13T14:33:26","modified_gmt":"2021-12-13T13:33:26","slug":"memorias-do-cafe-derby-1929-2020","status":"publish","type":"product","link":"https:\/\/alvarelloseditora.gal\/es\/libro\/memorias-do-cafe-derby-1929-2020\/","title":{"rendered":"Memorias do Caf\u00e9 Derby (1929-2020)"},"content":{"rendered":"","protected":false},"excerpt":{"rendered":"<p>Fernando Franjo<br \/>\nP\u00e1ginas: 192. Formato: 20 x 19 cms.<br \/>\nISBN 978-84-18567-13-1.<br \/>\nCosido con hilo vegetal<br \/>\nImpreso en papel FSC amigo de los bosques.<\/p>\n<p>&nbsp;<\/p>\n<p>Esta es la historia m\u00e1s \u00edntima y gr\u00e1fica de un Caf\u00e9 centenario: el Caf\u00e9 Derby de Santiago de Compostela. Abierto en 1929 y en funcionamiento hasta el 2020.<\/p>\n<p>Una obra ilustrada con m\u00e1s de 130 fotograf\u00edas, ilustraciones y documentos de \u00e9poca, muchos de ellos, in\u00e9ditos. Adem\u00e1s, incluye numerosas an\u00e9cdotas y los testimonios de varias generaciones de personas habituales de este establecimiento, protagonistas de inolvidables tertulias.<\/p>\n<p>En los a\u00f1os 30, en el Caf\u00e9 Derby ten\u00eda mesa reservada don Ram\u00f3n del Valle Incl\u00e1n.<\/p>\n","protected":false},"featured_media":6969,"comment_status":"closed","ping_status":"closed","template":"","meta":[],"product_brand":[],"product_cat":[104],"product_tag":[1045],"class_list":{"0":"post-6970","1":"product","2":"type-product","3":"status-publish","4":"has-post-thumbnail","6":"product_author-fernando-franjo-es","7":"product_cat-ilustrada-es","8":"product_tag-santiago-de-compostela-y-el-camino","10":"first","11":"instock","12":"taxable","13":"shipping-taxable","14":"purchasable","15":"product-type-simple"},"yoast_head":"<!-- This site is optimized with the Yoast SEO plugin v27.5 - https:\/\/yoast.com\/product\/yoast-seo-wordpress\/ -->\n<title>Memorias do Caf\u00e9 Derby (1929-2020) - Alvarellos Editora<\/title>\n<meta name=\"description\" content=\"Memorias do Caf\u00e9 Derby (1929-2020). C\u00f3mprao na tenda en li\u00f1a de Alvarellos Editora.\" \/>\n<meta name=\"robots\" content=\"index, follow, max-snippet:-1, max-image-preview:large, max-video-preview:-1\" \/>\n<link rel=\"canonical\" href=\"https:\/\/alvarelloseditora.gal\/es\/libro\/memorias-do-cafe-derby-1929-2020\/\" \/>\n<meta property=\"og:locale\" content=\"es_ES\" \/>\n<meta property=\"og:type\" content=\"article\" \/>\n<meta property=\"og:title\" content=\"Memorias do Caf\u00e9 Derby (1929-2020) - Alvarellos Editora\" \/>\n<meta property=\"og:description\" content=\"Memorias do Caf\u00e9 Derby (1929-2020). C\u00f3mprao na tenda en li\u00f1a de Alvarellos Editora.\" \/>\n<meta property=\"og:url\" content=\"https:\/\/alvarelloseditora.gal\/es\/libro\/memorias-do-cafe-derby-1929-2020\/\" \/>\n<meta property=\"og:site_name\" content=\"Alvarellos Editora\" \/>\n<meta property=\"article:publisher\" content=\"https:\/\/www.facebook.com\/alvarelloseditora\" \/>\n<meta property=\"article:modified_time\" content=\"2021-12-13T13:33:26+00:00\" \/>\n<meta property=\"og:image\" content=\"https:\/\/alvarelloseditora.gal\/wp-content\/uploads\/2021\/12\/9788418567131MEMORIASDOCAFEDERBY-scaled.jpg\" \/>\n\t<meta property=\"og:image:width\" content=\"2560\" \/>\n\t<meta property=\"og:image:height\" content=\"2560\" \/>\n\t<meta property=\"og:image:type\" content=\"image\/jpeg\" \/>\n<meta name=\"twitter:card\" content=\"summary_large_image\" \/>\n<meta name=\"twitter:site\" content=\"@alvarellos_ed\" \/>\n<!-- \/ Yoast SEO plugin. -->","yoast_head_json":{"title":"Memorias do Caf\u00e9 Derby (1929-2020) - Alvarellos Editora","description":"Memorias do Caf\u00e9 Derby (1929-2020). C\u00f3mprao na tenda en li\u00f1a de Alvarellos Editora.","robots":{"index":"index","follow":"follow","max-snippet":"max-snippet:-1","max-image-preview":"max-image-preview:large","max-video-preview":"max-video-preview:-1"},"canonical":"https:\/\/alvarelloseditora.gal\/es\/libro\/memorias-do-cafe-derby-1929-2020\/","og_locale":"es_ES","og_type":"article","og_title":"Memorias do Caf\u00e9 Derby (1929-2020) - Alvarellos Editora","og_description":"Memorias do Caf\u00e9 Derby (1929-2020). C\u00f3mprao na tenda en li\u00f1a de Alvarellos Editora.","og_url":"https:\/\/alvarelloseditora.gal\/es\/libro\/memorias-do-cafe-derby-1929-2020\/","og_site_name":"Alvarellos Editora","article_publisher":"https:\/\/www.facebook.com\/alvarelloseditora","article_modified_time":"2021-12-13T13:33:26+00:00","og_image":[{"width":2560,"height":2560,"url":"https:\/\/alvarelloseditora.gal\/wp-content\/uploads\/2021\/12\/9788418567131MEMORIASDOCAFEDERBY-scaled.jpg","type":"image\/jpeg"}],"twitter_card":"summary_large_image","twitter_site":"@alvarellos_ed","schema":{"@context":"https:\/\/schema.org","@graph":[{"@type":["WebPage","ItemPage"],"@id":"https:\/\/alvarelloseditora.gal\/es\/libro\/memorias-do-cafe-derby-1929-2020\/","url":"https:\/\/alvarelloseditora.gal\/es\/libro\/memorias-do-cafe-derby-1929-2020\/","name":"Memorias do Caf\u00e9 Derby (1929-2020) - Alvarellos Editora","isPartOf":{"@id":"https:\/\/alvarelloseditora.gal\/#website"},"primaryImageOfPage":{"@id":"https:\/\/alvarelloseditora.gal\/es\/libro\/memorias-do-cafe-derby-1929-2020\/#primaryimage"},"image":{"@id":"https:\/\/alvarelloseditora.gal\/es\/libro\/memorias-do-cafe-derby-1929-2020\/#primaryimage"},"thumbnailUrl":"https:\/\/alvarelloseditora.gal\/wp-content\/uploads\/2021\/12\/9788418567131MEMORIASDOCAFEDERBY-scaled.jpg","datePublished":"2021-12-13T13:32:35+00:00","dateModified":"2021-12-13T13:33:26+00:00","description":"Memorias do Caf\u00e9 Derby (1929-2020). C\u00f3mprao na tenda en li\u00f1a de Alvarellos Editora.","breadcrumb":{"@id":"https:\/\/alvarelloseditora.gal\/es\/libro\/memorias-do-cafe-derby-1929-2020\/#breadcrumb"},"inLanguage":"es","potentialAction":[{"@type":"ReadAction","target":["https:\/\/alvarelloseditora.gal\/es\/libro\/memorias-do-cafe-derby-1929-2020\/"]}]},{"@type":"ImageObject","inLanguage":"es","@id":"https:\/\/alvarelloseditora.gal\/es\/libro\/memorias-do-cafe-derby-1929-2020\/#primaryimage","url":"https:\/\/alvarelloseditora.gal\/wp-content\/uploads\/2021\/12\/9788418567131MEMORIASDOCAFEDERBY-scaled.jpg","contentUrl":"https:\/\/alvarelloseditora.gal\/wp-content\/uploads\/2021\/12\/9788418567131MEMORIASDOCAFEDERBY-scaled.jpg","width":2560,"height":2560},{"@type":"BreadcrumbList","@id":"https:\/\/alvarelloseditora.gal\/es\/libro\/memorias-do-cafe-derby-1929-2020\/#breadcrumb","itemListElement":[{"@type":"ListItem","position":1,"name":"Portada","item":"https:\/\/alvarelloseditora.gal\/"},{"@type":"ListItem","position":2,"name":"Tienda","item":"https:\/\/alvarelloseditora.gal\/es\/tienda\/"},{"@type":"ListItem","position":3,"name":"Memorias do Caf\u00e9 Derby (1929-2020)"}]},{"@type":"WebSite","@id":"https:\/\/alvarelloseditora.gal\/#website","url":"https:\/\/alvarelloseditora.gal\/","name":"Alvarellos Editora","description":"Libros para un mundo en tr\u00e1nsito","publisher":{"@id":"https:\/\/alvarelloseditora.gal\/#organization"},"potentialAction":[{"@type":"SearchAction","target":{"@type":"EntryPoint","urlTemplate":"https:\/\/alvarelloseditora.gal\/?s={search_term_string}"},"query-input":{"@type":"PropertyValueSpecification","valueRequired":true,"valueName":"search_term_string"}}],"inLanguage":"es"},{"@type":"Organization","@id":"https:\/\/alvarelloseditora.gal\/#organization","name":"Alvarellos Editora","url":"https:\/\/alvarelloseditora.gal\/","logo":{"@type":"ImageObject","inLanguage":"es","@id":"https:\/\/alvarelloseditora.gal\/#\/schema\/logo\/image\/","url":"https:\/\/alvarelloseditora.gal\/wp-content\/uploads\/2020\/02\/alv-icon.png","contentUrl":"https:\/\/alvarelloseditora.gal\/wp-content\/uploads\/2020\/02\/alv-icon.png","width":177,"height":175,"caption":"Alvarellos Editora"},"image":{"@id":"https:\/\/alvarelloseditora.gal\/#\/schema\/logo\/image\/"},"sameAs":["https:\/\/www.facebook.com\/alvarelloseditora","https:\/\/x.com\/alvarellos_ed"]}]}},"_links":{"self":[{"href":"https:\/\/alvarelloseditora.gal\/es\/wp-json\/wp\/v2\/product\/6970","targetHints":{"allow":["GET"]}}],"collection":[{"href":"https:\/\/alvarelloseditora.gal\/es\/wp-json\/wp\/v2\/product"}],"about":[{"href":"https:\/\/alvarelloseditora.gal\/es\/wp-json\/wp\/v2\/types\/product"}],"replies":[{"embeddable":true,"href":"https:\/\/alvarelloseditora.gal\/es\/wp-json\/wp\/v2\/comments?post=6970"}],"wp:featuredmedia":[{"embeddable":true,"href":"https:\/\/alvarelloseditora.gal\/es\/wp-json\/wp\/v2\/media\/6969"}],"wp:attachment":[{"href":"https:\/\/alvarelloseditora.gal\/es\/wp-json\/wp\/v2\/media?parent=6970"}],"wp:term":[{"taxonomy":"product_brand","embeddable":true,"href":"https:\/\/alvarelloseditora.gal\/es\/wp-json\/wp\/v2\/product_brand?post=6970"},{"taxonomy":"product_cat","embeddable":true,"href":"https:\/\/alvarelloseditora.gal\/es\/wp-json\/wp\/v2\/product_cat?post=6970"},{"taxonomy":"product_tag","embeddable":true,"href":"https:\/\/alvarelloseditora.gal\/es\/wp-json\/wp\/v2\/product_tag?post=6970"}],"curies":[{"name":"wp","href":"https:\/\/api.w.org\/{rel}","templated":true}]}}

Memorias do Café Derby (1929-2020)

<p>Fernando Franjo<br />
Páginas: 192. Formato: 20 x 19 cms.<br />
ISBN 978-84-18567-13-1.<br />
Cosido con hilo vegetal<br />
Impreso en papel FSC amigo de los bosques.</p>
<p>&nbsp;</p>
<p>Esta es la historia más íntima y gráfica de un Café centenario: el Café Derby de Santiago de Compostela. Abierto en 1929 y en funcionamiento hasta el 2020.</p>
<p>Una obra ilustrada con más de 130 fotografías, ilustraciones y documentos de época, muchos de ellos, inéditos. Además, incluye numerosas anécdotas y los testimonios de varias generaciones de personas habituales de este establecimiento, protagonistas de inolvidables tertulias.</p>
<p>En los años 30, en el Café Derby tenía mesa reservada don Ramón del Valle Inclán.</p>

<!-- This site is optimized with the Yoast SEO plugin v27.5 - https://yoast.com/product/yoast-seo-wordpress/ -->
<title>Memorias do Café Derby (1929-2020) - Alvarellos Editora</title>
<meta name="description" content="Memorias do Café Derby (1929-2020). Cómprao na tenda en liña de Alvarellos Editora." />
<meta name="robots" content="index, follow, max-snippet:-1, max-image-preview:large, max-video-preview:-1" />
<link rel="canonical" href="https://alvarelloseditora.gal/es/libro/memorias-do-cafe-derby-1929-2020/" />
<meta property="og:locale" content="es_ES" />
<meta property="og:type" content="article" />
<meta property="og:title" content="Memorias do Café Derby (1929-2020) - Alvarellos Editora" />
<meta property="og:description" content="Memorias do Café Derby (1929-2020). Cómprao na tenda en liña de Alvarellos Editora." />
<meta property="og:url" content="https://alvarelloseditora.gal/es/libro/memorias-do-cafe-derby-1929-2020/" />
<meta property="og:site_name" content="Alvarellos Editora" />
<meta property="article:publisher" content="https://www.facebook.com/alvarelloseditora" />
<meta property="article:modified_time" content="2021-12-13T13:33:26+00:00" />
<meta property="og:image" content="https://alvarelloseditora.gal/wp-content/uploads/2021/12/9788418567131MEMORIASDOCAFEDERBY-scaled.jpg" />
	<meta property="og:image:width" content="2560" />
	<meta property="og:image:height" content="2560" />
	<meta property="og:image:type" content="image/jpeg" />
<meta name="twitter:card" content="summary_large_image" />
<meta name="twitter:site" content="@alvarellos_ed" />
<!-- / Yoast SEO plugin. -->

Memorias do Café Derby (1929-2020) - Alvarellos Editora

Memorias do Café Derby (1929-2020). Cómprao na tenda en liña de Alvarellos Editora.

Libros para un mundo en tránsito
