{"id":5994,"date":"2021-04-07T11:51:20","date_gmt":"2021-04-07T09:51:20","guid":{"rendered":"https:\/\/nueva.alvarellos.info\/book\/orixe-orzanica-das-sereas-todas\/"},"modified":"2021-07-26T10:41:02","modified_gmt":"2021-07-26T08:41:02","slug":"orixe-orzanica-das-sereas-todas","status":"publish","type":"product","link":"https:\/\/alvarelloseditora.gal\/es\/libro\/orixe-orzanica-das-sereas-todas\/","title":{"rendered":"Orixe orz\u00e1nica das sereas todas"},"content":{"rendered":"<p><strong><a href=\"https:\/\/alvarelloseditora.gal\/wp-content\/uploads\/2021\/04\/NP_CAST_ORIXE_ORZANICA.pdf\" target=\"_blank\" rel=\"noopener\">Nota de prensa<\/a><\/strong><\/p>\n","protected":false},"excerpt":{"rendered":"<p>Una Galicia imaginada en la que Urbano Lugr\u00eds ingresa en 1953 en la Academia Galega da Lingua<\/p>\n<p>&nbsp;<\/p>\n<p>Pp: 130. Formato 14 x 19,5 cms.<br \/>\nISBN 978-84-16460-97-7<\/p>\n<p>&nbsp;<\/p>\n<p>Presentamos una muy original propuesta narrativa.\u00a0So\u00f1ar mundos, imaginar universos, dibujar \u00a0estelas ignotas&#8230; He aqu\u00ed la funci\u00f3n, especialmente milagrosa, de la literatura. Ser capaz de reescribir vidas y \u00e9pocas. El art\u00edfice de este libro, Rodrigo Osorio, nos propone, en este Orixe orz\u00e1nica das sereas todas, un juego maravilloso, un reto tambi\u00e9n. Los protagonistas son el pintor y escritor Urbano Lugr\u00eds Gonz\u00e1lez y el escritor Leandro Carr\u00e9 Alvarellos. Alrededor de ellos, y al mismo tiempo, deberemos sumergirnos en ese origen \u201corz\u00e1nico\u201d de las sirenas todas, y dejar que el misterio de las ondas nos transporte por el camino de los sue\u00f1os&#8230;<\/p>\n<p>Rodrigo Osorio, integrante del colectivo \u00a0lugrisiano \u00a0In nave \u00a0civitas, es uno de los impulsores de la reinvidicaci\u00f3n de la vida y obra de Urbano Lugr\u00eds. En este libro, Osorio sue\u00f1a una Galicia ideal, imagina como habr\u00eda sido nuestra tierra sin Franco, ni guerra, ni dictadura. En esa sociedad, el genial artista pronuncia su discurso de ingreso en la Academia Galega da Lingua. Es el 19 de noviembre de 1953.<\/p>\n<p>&nbsp;<\/p>\n","protected":false},"featured_media":5989,"comment_status":"closed","ping_status":"closed","template":"","meta":[],"product_brand":[],"product_cat":[106],"product_tag":[1042],"class_list":{"0":"post-5994","1":"product","2":"type-product","3":"status-publish","4":"has-post-thumbnail","6":"product_author-rodrigo-osorio-es","7":"product_cat-libros-do-sarela-es","8":"product_tag-libros-con-memoria-es","10":"first","11":"instock","12":"taxable","13":"shipping-taxable","14":"purchasable","15":"product-type-simple"},"yoast_head":"<!-- This site is optimized with the Yoast SEO plugin v27.4 - https:\/\/yoast.com\/product\/yoast-seo-wordpress\/ -->\n<title>Orixe orz\u00e1nica das sereas todas - Alvarellos Editora<\/title>\n<meta name=\"description\" content=\"Orixe orz\u00e1nica das sereas todas, de Rodrigo Osorio Guerrero. \u25b7 C\u00f3mpralo AQU\u00cd online directamente a Alvarellos Editora.\" \/>\n<meta name=\"robots\" content=\"index, follow, max-snippet:-1, max-image-preview:large, max-video-preview:-1\" \/>\n<link rel=\"canonical\" href=\"https:\/\/alvarelloseditora.gal\/es\/libro\/orixe-orzanica-das-sereas-todas\/\" \/>\n<meta property=\"og:locale\" content=\"es_ES\" \/>\n<meta property=\"og:type\" content=\"article\" \/>\n<meta property=\"og:title\" content=\"Orixe orz\u00e1nica das sereas todas - Alvarellos Editora\" \/>\n<meta property=\"og:description\" content=\"Orixe orz\u00e1nica das sereas todas, de Rodrigo Osorio Guerrero. \u25b7 C\u00f3mpralo AQU\u00cd online directamente a Alvarellos Editora.\" \/>\n<meta property=\"og:url\" content=\"https:\/\/alvarelloseditora.gal\/es\/libro\/orixe-orzanica-das-sereas-todas\/\" \/>\n<meta property=\"og:site_name\" content=\"Alvarellos Editora\" \/>\n<meta property=\"article:publisher\" content=\"https:\/\/www.facebook.com\/alvarelloseditora\" \/>\n<meta property=\"article:modified_time\" content=\"2021-07-26T08:41:02+00:00\" \/>\n<meta property=\"og:image\" content=\"https:\/\/alvarelloseditora.gal\/wp-content\/uploads\/2021\/04\/ORIXE-ORZANICA-das-sereas-scaled.jpg\" \/>\n\t<meta property=\"og:image:width\" content=\"1867\" \/>\n\t<meta property=\"og:image:height\" content=\"2560\" \/>\n\t<meta property=\"og:image:type\" content=\"image\/jpeg\" \/>\n<meta name=\"twitter:card\" content=\"summary_large_image\" \/>\n<meta name=\"twitter:site\" content=\"@alvarellos_ed\" \/>\n<meta name=\"twitter:label1\" content=\"Tiempo de lectura\" \/>\n\t<meta name=\"twitter:data1\" content=\"1 minuto\" \/>\n<!-- \/ Yoast SEO plugin. -->","yoast_head_json":{"title":"Orixe orz\u00e1nica das sereas todas - Alvarellos Editora","description":"Orixe orz\u00e1nica das sereas todas, de Rodrigo Osorio Guerrero. \u25b7 C\u00f3mpralo AQU\u00cd online directamente a Alvarellos Editora.","robots":{"index":"index","follow":"follow","max-snippet":"max-snippet:-1","max-image-preview":"max-image-preview:large","max-video-preview":"max-video-preview:-1"},"canonical":"https:\/\/alvarelloseditora.gal\/es\/libro\/orixe-orzanica-das-sereas-todas\/","og_locale":"es_ES","og_type":"article","og_title":"Orixe orz\u00e1nica das sereas todas - Alvarellos Editora","og_description":"Orixe orz\u00e1nica das sereas todas, de Rodrigo Osorio Guerrero. \u25b7 C\u00f3mpralo AQU\u00cd online directamente a Alvarellos Editora.","og_url":"https:\/\/alvarelloseditora.gal\/es\/libro\/orixe-orzanica-das-sereas-todas\/","og_site_name":"Alvarellos Editora","article_publisher":"https:\/\/www.facebook.com\/alvarelloseditora","article_modified_time":"2021-07-26T08:41:02+00:00","og_image":[{"width":1867,"height":2560,"url":"https:\/\/alvarelloseditora.gal\/wp-content\/uploads\/2021\/04\/ORIXE-ORZANICA-das-sereas-scaled.jpg","type":"image\/jpeg"}],"twitter_card":"summary_large_image","twitter_site":"@alvarellos_ed","twitter_misc":{"Tiempo de lectura":"1 minuto"},"schema":{"@context":"https:\/\/schema.org","@graph":[{"@type":["WebPage","ItemPage"],"@id":"https:\/\/alvarelloseditora.gal\/es\/libro\/orixe-orzanica-das-sereas-todas\/","url":"https:\/\/alvarelloseditora.gal\/es\/libro\/orixe-orzanica-das-sereas-todas\/","name":"Orixe orz\u00e1nica das sereas todas - Alvarellos Editora","isPartOf":{"@id":"https:\/\/alvarelloseditora.gal\/#website"},"primaryImageOfPage":{"@id":"https:\/\/alvarelloseditora.gal\/es\/libro\/orixe-orzanica-das-sereas-todas\/#primaryimage"},"image":{"@id":"https:\/\/alvarelloseditora.gal\/es\/libro\/orixe-orzanica-das-sereas-todas\/#primaryimage"},"thumbnailUrl":"https:\/\/alvarelloseditora.gal\/wp-content\/uploads\/2021\/04\/ORIXE-ORZANICA-das-sereas-scaled.jpg","datePublished":"2021-04-07T09:51:20+00:00","dateModified":"2021-07-26T08:41:02+00:00","description":"Orixe orz\u00e1nica das sereas todas, de Rodrigo Osorio Guerrero. \u25b7 C\u00f3mpralo AQU\u00cd online directamente a Alvarellos Editora.","breadcrumb":{"@id":"https:\/\/alvarelloseditora.gal\/es\/libro\/orixe-orzanica-das-sereas-todas\/#breadcrumb"},"inLanguage":"es","potentialAction":[{"@type":"ReadAction","target":["https:\/\/alvarelloseditora.gal\/es\/libro\/orixe-orzanica-das-sereas-todas\/"]}]},{"@type":"ImageObject","inLanguage":"es","@id":"https:\/\/alvarelloseditora.gal\/es\/libro\/orixe-orzanica-das-sereas-todas\/#primaryimage","url":"https:\/\/alvarelloseditora.gal\/wp-content\/uploads\/2021\/04\/ORIXE-ORZANICA-das-sereas-scaled.jpg","contentUrl":"https:\/\/alvarelloseditora.gal\/wp-content\/uploads\/2021\/04\/ORIXE-ORZANICA-das-sereas-scaled.jpg","width":1867,"height":2560,"caption":"Orixe orz\u00e1nica das sereas todas"},{"@type":"BreadcrumbList","@id":"https:\/\/alvarelloseditora.gal\/es\/libro\/orixe-orzanica-das-sereas-todas\/#breadcrumb","itemListElement":[{"@type":"ListItem","position":1,"name":"Portada","item":"https:\/\/alvarelloseditora.gal\/"},{"@type":"ListItem","position":2,"name":"Tienda","item":"https:\/\/alvarelloseditora.gal\/es\/tienda\/"},{"@type":"ListItem","position":3,"name":"Orixe orz\u00e1nica das sereas todas"}]},{"@type":"WebSite","@id":"https:\/\/alvarelloseditora.gal\/#website","url":"https:\/\/alvarelloseditora.gal\/","name":"Alvarellos Editora","description":"Libros para un mundo en tr\u00e1nsito","publisher":{"@id":"https:\/\/alvarelloseditora.gal\/#organization"},"potentialAction":[{"@type":"SearchAction","target":{"@type":"EntryPoint","urlTemplate":"https:\/\/alvarelloseditora.gal\/?s={search_term_string}"},"query-input":{"@type":"PropertyValueSpecification","valueRequired":true,"valueName":"search_term_string"}}],"inLanguage":"es"},{"@type":"Organization","@id":"https:\/\/alvarelloseditora.gal\/#organization","name":"Alvarellos Editora","url":"https:\/\/alvarelloseditora.gal\/","logo":{"@type":"ImageObject","inLanguage":"es","@id":"https:\/\/alvarelloseditora.gal\/#\/schema\/logo\/image\/","url":"https:\/\/alvarelloseditora.gal\/wp-content\/uploads\/2020\/02\/alv-icon.png","contentUrl":"https:\/\/alvarelloseditora.gal\/wp-content\/uploads\/2020\/02\/alv-icon.png","width":177,"height":175,"caption":"Alvarellos Editora"},"image":{"@id":"https:\/\/alvarelloseditora.gal\/#\/schema\/logo\/image\/"},"sameAs":["https:\/\/www.facebook.com\/alvarelloseditora","https:\/\/x.com\/alvarellos_ed"]}]}},"_links":{"self":[{"href":"https:\/\/alvarelloseditora.gal\/es\/wp-json\/wp\/v2\/product\/5994","targetHints":{"allow":["GET"]}}],"collection":[{"href":"https:\/\/alvarelloseditora.gal\/es\/wp-json\/wp\/v2\/product"}],"about":[{"href":"https:\/\/alvarelloseditora.gal\/es\/wp-json\/wp\/v2\/types\/product"}],"replies":[{"embeddable":true,"href":"https:\/\/alvarelloseditora.gal\/es\/wp-json\/wp\/v2\/comments?post=5994"}],"wp:featuredmedia":[{"embeddable":true,"href":"https:\/\/alvarelloseditora.gal\/es\/wp-json\/wp\/v2\/media\/5989"}],"wp:attachment":[{"href":"https:\/\/alvarelloseditora.gal\/es\/wp-json\/wp\/v2\/media?parent=5994"}],"wp:term":[{"taxonomy":"product_brand","embeddable":true,"href":"https:\/\/alvarelloseditora.gal\/es\/wp-json\/wp\/v2\/product_brand?post=5994"},{"taxonomy":"product_cat","embeddable":true,"href":"https:\/\/alvarelloseditora.gal\/es\/wp-json\/wp\/v2\/product_cat?post=5994"},{"taxonomy":"product_tag","embeddable":true,"href":"https:\/\/alvarelloseditora.gal\/es\/wp-json\/wp\/v2\/product_tag?post=5994"}],"curies":[{"name":"wp","href":"https:\/\/api.w.org\/{rel}","templated":true}]}}

Orixe orzánica das sereas todas

<p>Una Galicia imaginada en la que Urbano Lugrís ingresa en 1953 en la Academia Galega da Lingua</p>
<p>&nbsp;</p>
<p>Pp: 130. Formato 14 x 19,5 cms.<br />
ISBN 978-84-16460-97-7</p>
<p>&nbsp;</p>
<p>Presentamos una muy original propuesta narrativa. Soñar mundos, imaginar universos, dibujar  estelas ignotas&#8230; He aquí la función, especialmente milagrosa, de la literatura. Ser capaz de reescribir vidas y épocas. El artífice de este libro, Rodrigo Osorio, nos propone, en este Orixe orzánica das sereas todas, un juego maravilloso, un reto también. Los protagonistas son el pintor y escritor Urbano Lugrís González y el escritor Leandro Carré Alvarellos. Alrededor de ellos, y al mismo tiempo, deberemos sumergirnos en ese origen “orzánico” de las sirenas todas, y dejar que el misterio de las ondas nos transporte por el camino de los sueños&#8230;</p>
<p>Rodrigo Osorio, integrante del colectivo  lugrisiano  In nave  civitas, es uno de los impulsores de la reinvidicación de la vida y obra de Urbano Lugrís. En este libro, Osorio sueña una Galicia ideal, imagina como habría sido nuestra tierra sin Franco, ni guerra, ni dictadura. En esa sociedad, el genial artista pronuncia su discurso de ingreso en la Academia Galega da Lingua. Es el 19 de noviembre de 1953.</p>
<p>&nbsp;</p>

<!-- This site is optimized with the Yoast SEO plugin v27.4 - https://yoast.com/product/yoast-seo-wordpress/ -->
<title>Orixe orzánica das sereas todas - Alvarellos Editora</title>
<meta name="description" content="Orixe orzánica das sereas todas, de Rodrigo Osorio Guerrero. ▷ Cómpralo AQUÍ online directamente a Alvarellos Editora." />
<meta name="robots" content="index, follow, max-snippet:-1, max-image-preview:large, max-video-preview:-1" />
<link rel="canonical" href="https://alvarelloseditora.gal/es/libro/orixe-orzanica-das-sereas-todas/" />
<meta property="og:locale" content="es_ES" />
<meta property="og:type" content="article" />
<meta property="og:title" content="Orixe orzánica das sereas todas - Alvarellos Editora" />
<meta property="og:description" content="Orixe orzánica das sereas todas, de Rodrigo Osorio Guerrero. ▷ Cómpralo AQUÍ online directamente a Alvarellos Editora." />
<meta property="og:url" content="https://alvarelloseditora.gal/es/libro/orixe-orzanica-das-sereas-todas/" />
<meta property="og:site_name" content="Alvarellos Editora" />
<meta property="article:publisher" content="https://www.facebook.com/alvarelloseditora" />
<meta property="article:modified_time" content="2021-07-26T08:41:02+00:00" />
<meta property="og:image" content="https://alvarelloseditora.gal/wp-content/uploads/2021/04/ORIXE-ORZANICA-das-sereas-scaled.jpg" />
	<meta property="og:image:width" content="1867" />
	<meta property="og:image:height" content="2560" />
	<meta property="og:image:type" content="image/jpeg" />
<meta name="twitter:card" content="summary_large_image" />
<meta name="twitter:site" content="@alvarellos_ed" />
<meta name="twitter:label1" content="Tiempo de lectura" />
	<meta name="twitter:data1" content="1 minuto" />
<!-- / Yoast SEO plugin. -->

Orixe orzánica das sereas todas - Alvarellos Editora

Orixe orzánica das sereas todas, de Rodrigo Osorio Guerrero. ▷ Cómpralo AQUÍ online directamente a Alvarellos Editora.

Libros para un mundo en tránsito
