{"id":2859,"date":"2019-12-27T13:42:20","date_gmt":"2019-12-27T14:03:24","guid":{"rendered":"https:\/\/nueva.alvarellos.info\/product\/poesia-minima-minimal-poetry\/"},"modified":"2021-06-22T22:33:11","modified_gmt":"2021-06-22T20:33:11","slug":"poesia-minima-minimal-poetry","status":"publish","type":"product","link":"https:\/\/alvarelloseditora.gal\/es\/libro\/poesia-minima-minimal-poetry\/","title":{"rendered":"POES\u00cdA M\u00cdNIMA | MINIMAL POETRY"},"content":{"rendered":"<p><a href=\"http:\/\/www.elcorreogallego.es\/area-de-compostela\/ecg\/helena-villar-presenta-rianxo-sua-ultima-obra-poesia-minima\/idEdicion-2018-05-28\/idNoticia-1117555\/\">28-05-2018 <strong>El Correo Gallego<\/strong> Helena Villar presenta en Rianxo a s\u00faa \u00faltima obra \u00abPoes\u00eda m\u00ednima\u00bb.<\/a><br \/>\n<a href=\"https:\/\/www.lavozdegalicia.es\/noticia\/barbanza\/2018\/05\/27\/span-langglhelena-villar-fai-canto-rianxo-da-sua-obra-poesia-minimaspan\/0003_201805B27C2991.htm\">27-05-2019 <strong>La Voz de Galicia<\/strong>-Edi Barbanza. Helena Villar fai un canto a Rianxo&#8230;<\/a><br \/>\n<a href=\"https:\/\/biosbardia.wordpress.com\/2018\/05\/04\/poesia-minima-un-dialogo-sobre-a-delicadeza\/\">04-05-2018 <strong>Biosbardia<\/strong>. \u00abUn di\u00e1logo sobre a delicadeza\u00bb, por\u00a0C\u00e9sar Lorenzo Gil<\/a><br \/>\n<a href=\"https:\/\/www.sermosgaliza.gal\/articulo\/cultura\/forma-minima-do-poema\/20180322113918067216.html\">23-03-2018 <strong>Sermos Galiza<\/strong> A forza m\u00ednima do poema, por Daniel Salgado<\/a><br \/>\n<a href=\"https:\/\/www.elprogreso.es\/articulo\/cultura\/villar-janeiro-publica-libro-%C2%ABde-meditacion-rezo-ateos-agnosticos%C2%BB\/201802081831001294425.html\">08-02-2018<strong> El Progreso<\/strong> de Lugo- Por Jaureguizar<\/a><br \/>\n<a href=\"https:\/\/cadernodacritica.wordpress.com\/2018\/02\/07\/poesia-minima-de-helena-villar-janeiro\/\">07-02-2018 <strong>Caderno da Cr\u00edtica<\/strong>. Por Ram\u00f3n Nicol\u00e1s<\/a><\/p>\n","protected":false},"excerpt":{"rendered":"<p>50 FOTOPOEMAS | 50 PHOTOPOEMS<\/p>\n<p>&nbsp;<\/p>\n<p>106 pp | 12 x 17 cms.<br \/>\nISBN 978-84-16460-32-8<br \/>\n[Tapa dura e interior a color]<\/p>\n<p>&nbsp;<\/p>\n<p>Publicado en tres idiomas \u2014gallego, castellano e ingl\u00e9s\u2014 esta cuidada edici\u00f3n incluye 50 fotopoemas de Helena Villar Janeiro.<\/p>\n<p>\u201cUn libro de meditaci\u00f3n y rezo para ateos y agn\u00f3sticos\u201d, as\u00ed lo define su autora, la premiada escritora gallega.<\/p>\n<p>En la contraportada se avanza la esencia de esta poes\u00eda m\u00ednima, ilustrada con 50 fotograf\u00edas: \u201cLas cosas sencillas forman el universo\u201d.<\/p>\n","protected":false},"featured_media":4219,"comment_status":"closed","ping_status":"closed","template":"","meta":[],"product_brand":[],"product_cat":[106],"product_tag":[],"class_list":{"0":"post-2859","1":"product","2":"type-product","3":"status-publish","4":"has-post-thumbnail","6":"product_author-helena-villar-janeiro-es","7":"product_cat-libros-do-sarela-es","9":"first","10":"instock","11":"taxable","12":"shipping-taxable","13":"purchasable","14":"product-type-simple"},"yoast_head":"<!-- This site is optimized with the Yoast SEO plugin v27.5 - https:\/\/yoast.com\/product\/yoast-seo-wordpress\/ -->\n<title>POES\u00cdA M\u00cdNIMA | MINIMAL POETRY - Alvarellos Editora<\/title>\n<meta name=\"description\" content=\"POES\u00cdA M\u00cdNIMA | MINIMAL POETRY. C\u00f3mprao na tenda en li\u00f1a de Alvarellos Editora.\" \/>\n<meta name=\"robots\" content=\"index, follow, max-snippet:-1, max-image-preview:large, max-video-preview:-1\" \/>\n<link rel=\"canonical\" href=\"https:\/\/alvarelloseditora.gal\/es\/libro\/poesia-minima-minimal-poetry\/\" \/>\n<meta property=\"og:locale\" content=\"es_ES\" \/>\n<meta property=\"og:type\" content=\"article\" \/>\n<meta property=\"og:title\" content=\"POES\u00cdA M\u00cdNIMA | MINIMAL POETRY - Alvarellos Editora\" \/>\n<meta property=\"og:description\" content=\"POES\u00cdA M\u00cdNIMA | MINIMAL POETRY. C\u00f3mprao na tenda en li\u00f1a de Alvarellos Editora.\" \/>\n<meta property=\"og:url\" content=\"https:\/\/alvarelloseditora.gal\/es\/libro\/poesia-minima-minimal-poetry\/\" \/>\n<meta property=\"og:site_name\" content=\"Alvarellos Editora\" \/>\n<meta property=\"article:publisher\" content=\"https:\/\/www.facebook.com\/alvarelloseditora\" \/>\n<meta property=\"article:modified_time\" content=\"2021-06-22T20:33:11+00:00\" \/>\n<meta property=\"og:image\" content=\"https:\/\/alvarelloseditora.gal\/wp-content\/uploads\/2019\/12\/Poesia_minima_Minimal_Poetry_Alvarellos_ed_2018.jpg\" \/>\n\t<meta property=\"og:image:width\" content=\"987\" \/>\n\t<meta property=\"og:image:height\" content=\"1389\" \/>\n\t<meta property=\"og:image:type\" content=\"image\/jpeg\" \/>\n<meta name=\"twitter:card\" content=\"summary_large_image\" \/>\n<meta name=\"twitter:site\" content=\"@alvarellos_ed\" \/>\n<!-- \/ Yoast SEO plugin. -->","yoast_head_json":{"title":"POES\u00cdA M\u00cdNIMA | MINIMAL POETRY - Alvarellos Editora","description":"POES\u00cdA M\u00cdNIMA | MINIMAL POETRY. C\u00f3mprao na tenda en li\u00f1a de Alvarellos Editora.","robots":{"index":"index","follow":"follow","max-snippet":"max-snippet:-1","max-image-preview":"max-image-preview:large","max-video-preview":"max-video-preview:-1"},"canonical":"https:\/\/alvarelloseditora.gal\/es\/libro\/poesia-minima-minimal-poetry\/","og_locale":"es_ES","og_type":"article","og_title":"POES\u00cdA M\u00cdNIMA | MINIMAL POETRY - Alvarellos Editora","og_description":"POES\u00cdA M\u00cdNIMA | MINIMAL POETRY. C\u00f3mprao na tenda en li\u00f1a de Alvarellos Editora.","og_url":"https:\/\/alvarelloseditora.gal\/es\/libro\/poesia-minima-minimal-poetry\/","og_site_name":"Alvarellos Editora","article_publisher":"https:\/\/www.facebook.com\/alvarelloseditora","article_modified_time":"2021-06-22T20:33:11+00:00","og_image":[{"width":987,"height":1389,"url":"https:\/\/alvarelloseditora.gal\/wp-content\/uploads\/2019\/12\/Poesia_minima_Minimal_Poetry_Alvarellos_ed_2018.jpg","type":"image\/jpeg"}],"twitter_card":"summary_large_image","twitter_site":"@alvarellos_ed","schema":{"@context":"https:\/\/schema.org","@graph":[{"@type":["WebPage","ItemPage"],"@id":"https:\/\/alvarelloseditora.gal\/es\/libro\/poesia-minima-minimal-poetry\/","url":"https:\/\/alvarelloseditora.gal\/es\/libro\/poesia-minima-minimal-poetry\/","name":"POES\u00cdA M\u00cdNIMA | MINIMAL POETRY - Alvarellos Editora","isPartOf":{"@id":"https:\/\/alvarelloseditora.gal\/#website"},"primaryImageOfPage":{"@id":"https:\/\/alvarelloseditora.gal\/es\/libro\/poesia-minima-minimal-poetry\/#primaryimage"},"image":{"@id":"https:\/\/alvarelloseditora.gal\/es\/libro\/poesia-minima-minimal-poetry\/#primaryimage"},"thumbnailUrl":"https:\/\/alvarelloseditora.gal\/wp-content\/uploads\/2019\/12\/Poesia_minima_Minimal_Poetry_Alvarellos_ed_2018.jpg","datePublished":"2019-12-27T14:03:24+00:00","dateModified":"2021-06-22T20:33:11+00:00","description":"POES\u00cdA M\u00cdNIMA | MINIMAL POETRY. C\u00f3mprao na tenda en li\u00f1a de Alvarellos Editora.","breadcrumb":{"@id":"https:\/\/alvarelloseditora.gal\/es\/libro\/poesia-minima-minimal-poetry\/#breadcrumb"},"inLanguage":"es","potentialAction":[{"@type":"ReadAction","target":["https:\/\/alvarelloseditora.gal\/es\/libro\/poesia-minima-minimal-poetry\/"]}]},{"@type":"ImageObject","inLanguage":"es","@id":"https:\/\/alvarelloseditora.gal\/es\/libro\/poesia-minima-minimal-poetry\/#primaryimage","url":"https:\/\/alvarelloseditora.gal\/wp-content\/uploads\/2019\/12\/Poesia_minima_Minimal_Poetry_Alvarellos_ed_2018.jpg","contentUrl":"https:\/\/alvarelloseditora.gal\/wp-content\/uploads\/2019\/12\/Poesia_minima_Minimal_Poetry_Alvarellos_ed_2018.jpg","width":987,"height":1389},{"@type":"BreadcrumbList","@id":"https:\/\/alvarelloseditora.gal\/es\/libro\/poesia-minima-minimal-poetry\/#breadcrumb","itemListElement":[{"@type":"ListItem","position":1,"name":"Portada","item":"https:\/\/alvarelloseditora.gal\/"},{"@type":"ListItem","position":2,"name":"Tienda","item":"https:\/\/alvarelloseditora.gal\/es\/tienda\/"},{"@type":"ListItem","position":3,"name":"POES\u00cdA M\u00cdNIMA | MINIMAL POETRY"}]},{"@type":"WebSite","@id":"https:\/\/alvarelloseditora.gal\/#website","url":"https:\/\/alvarelloseditora.gal\/","name":"Alvarellos Editora","description":"Libros para un mundo en tr\u00e1nsito","publisher":{"@id":"https:\/\/alvarelloseditora.gal\/#organization"},"potentialAction":[{"@type":"SearchAction","target":{"@type":"EntryPoint","urlTemplate":"https:\/\/alvarelloseditora.gal\/?s={search_term_string}"},"query-input":{"@type":"PropertyValueSpecification","valueRequired":true,"valueName":"search_term_string"}}],"inLanguage":"es"},{"@type":"Organization","@id":"https:\/\/alvarelloseditora.gal\/#organization","name":"Alvarellos Editora","url":"https:\/\/alvarelloseditora.gal\/","logo":{"@type":"ImageObject","inLanguage":"es","@id":"https:\/\/alvarelloseditora.gal\/#\/schema\/logo\/image\/","url":"https:\/\/alvarelloseditora.gal\/wp-content\/uploads\/2020\/02\/alv-icon.png","contentUrl":"https:\/\/alvarelloseditora.gal\/wp-content\/uploads\/2020\/02\/alv-icon.png","width":177,"height":175,"caption":"Alvarellos Editora"},"image":{"@id":"https:\/\/alvarelloseditora.gal\/#\/schema\/logo\/image\/"},"sameAs":["https:\/\/www.facebook.com\/alvarelloseditora","https:\/\/x.com\/alvarellos_ed"]}]}},"_links":{"self":[{"href":"https:\/\/alvarelloseditora.gal\/es\/wp-json\/wp\/v2\/product\/2859","targetHints":{"allow":["GET"]}}],"collection":[{"href":"https:\/\/alvarelloseditora.gal\/es\/wp-json\/wp\/v2\/product"}],"about":[{"href":"https:\/\/alvarelloseditora.gal\/es\/wp-json\/wp\/v2\/types\/product"}],"replies":[{"embeddable":true,"href":"https:\/\/alvarelloseditora.gal\/es\/wp-json\/wp\/v2\/comments?post=2859"}],"wp:featuredmedia":[{"embeddable":true,"href":"https:\/\/alvarelloseditora.gal\/es\/wp-json\/wp\/v2\/media\/4219"}],"wp:attachment":[{"href":"https:\/\/alvarelloseditora.gal\/es\/wp-json\/wp\/v2\/media?parent=2859"}],"wp:term":[{"taxonomy":"product_brand","embeddable":true,"href":"https:\/\/alvarelloseditora.gal\/es\/wp-json\/wp\/v2\/product_brand?post=2859"},{"taxonomy":"product_cat","embeddable":true,"href":"https:\/\/alvarelloseditora.gal\/es\/wp-json\/wp\/v2\/product_cat?post=2859"},{"taxonomy":"product_tag","embeddable":true,"href":"https:\/\/alvarelloseditora.gal\/es\/wp-json\/wp\/v2\/product_tag?post=2859"}],"curies":[{"name":"wp","href":"https:\/\/api.w.org\/{rel}","templated":true}]}}

POESÍA MÍNIMA | MINIMAL POETRY

<p><a href="http://www.elcorreogallego.es/area-de-compostela/ecg/helena-villar-presenta-rianxo-sua-ultima-obra-poesia-minima/idEdicion-2018-05-28/idNoticia-1117555/">28-05-2018 <strong>El Correo Gallego</strong> Helena Villar presenta en Rianxo a súa última obra «Poesía mínima».</a><br />
<a href="https://www.lavozdegalicia.es/noticia/barbanza/2018/05/27/span-langglhelena-villar-fai-canto-rianxo-da-sua-obra-poesia-minimaspan/0003_201805B27C2991.htm">27-05-2019 <strong>La Voz de Galicia</strong>-Edi Barbanza. Helena Villar fai un canto a Rianxo&#8230;</a><br />
<a href="https://biosbardia.wordpress.com/2018/05/04/poesia-minima-un-dialogo-sobre-a-delicadeza/">04-05-2018 <strong>Biosbardia</strong>. «Un diálogo sobre a delicadeza», por César Lorenzo Gil</a><br />
<a href="https://www.sermosgaliza.gal/articulo/cultura/forma-minima-do-poema/20180322113918067216.html">23-03-2018 <strong>Sermos Galiza</strong> A forza mínima do poema, por Daniel Salgado</a><br />
<a href="https://www.elprogreso.es/articulo/cultura/villar-janeiro-publica-libro-%C2%ABde-meditacion-rezo-ateos-agnosticos%C2%BB/201802081831001294425.html">08-02-2018<strong> El Progreso</strong> de Lugo- Por Jaureguizar</a><br />
<a href="https://cadernodacritica.wordpress.com/2018/02/07/poesia-minima-de-helena-villar-janeiro/">07-02-2018 <strong>Caderno da Crítica</strong>. Por Ramón Nicolás</a></p>

<p>50 FOTOPOEMAS | 50 PHOTOPOEMS</p>
<p>&nbsp;</p>
<p>106 pp | 12 x 17 cms.<br />
ISBN 978-84-16460-32-8<br />
[Tapa dura e interior a color]</p>
<p>&nbsp;</p>
<p>Publicado en tres idiomas —gallego, castellano e inglés— esta cuidada edición incluye 50 fotopoemas de Helena Villar Janeiro.</p>
<p>“Un libro de meditación y rezo para ateos y agnósticos”, así lo define su autora, la premiada escritora gallega.</p>
<p>En la contraportada se avanza la esencia de esta poesía mínima, ilustrada con 50 fotografías: “Las cosas sencillas forman el universo”.</p>

<!-- This site is optimized with the Yoast SEO plugin v27.5 - https://yoast.com/product/yoast-seo-wordpress/ -->
<title>POESÍA MÍNIMA | MINIMAL POETRY - Alvarellos Editora</title>
<meta name="description" content="POESÍA MÍNIMA | MINIMAL POETRY. Cómprao na tenda en liña de Alvarellos Editora." />
<meta name="robots" content="index, follow, max-snippet:-1, max-image-preview:large, max-video-preview:-1" />
<link rel="canonical" href="https://alvarelloseditora.gal/es/libro/poesia-minima-minimal-poetry/" />
<meta property="og:locale" content="es_ES" />
<meta property="og:type" content="article" />
<meta property="og:title" content="POESÍA MÍNIMA | MINIMAL POETRY - Alvarellos Editora" />
<meta property="og:description" content="POESÍA MÍNIMA | MINIMAL POETRY. Cómprao na tenda en liña de Alvarellos Editora." />
<meta property="og:url" content="https://alvarelloseditora.gal/es/libro/poesia-minima-minimal-poetry/" />
<meta property="og:site_name" content="Alvarellos Editora" />
<meta property="article:publisher" content="https://www.facebook.com/alvarelloseditora" />
<meta property="article:modified_time" content="2021-06-22T20:33:11+00:00" />
<meta property="og:image" content="https://alvarelloseditora.gal/wp-content/uploads/2019/12/Poesia_minima_Minimal_Poetry_Alvarellos_ed_2018.jpg" />
	<meta property="og:image:width" content="987" />
	<meta property="og:image:height" content="1389" />
	<meta property="og:image:type" content="image/jpeg" />
<meta name="twitter:card" content="summary_large_image" />
<meta name="twitter:site" content="@alvarellos_ed" />
<!-- / Yoast SEO plugin. -->

POESÍA MÍNIMA | MINIMAL POETRY - Alvarellos Editora

POESÍA MÍNIMA | MINIMAL POETRY. Cómprao na tenda en liña de Alvarellos Editora.

Libros para un mundo en tránsito
